7. What are the prime factors of f?
3
Suppose 54 = 2*o - 0*o. List the prime factors of o.
3
Let f(a) = -2*a**3 - 8*a**2 - 8*a - 5. Let l be f(-5). Suppose -4*m + 9 = -r - 106, 3*m = 2*r + l. List the prime factors of m.
29
Suppose 0 = -5*g + 6*b - 5*b + 168, -g - b + 36 = 0. List the prime factors of g.
2, 17
Let s = 61 + -36. What are the prime factors of s?
5
Let q(a) = 5*a + 9. Let k(b) = 14*b + 26. Let z(i) = 6*k(i) - 17*q(i). Let n(r) = -r**2 - 3*r - 4. Let m be n(-4). What are the prime factors of z(m)?
11
Suppose 0*l - 19 = -2*l + s, -2*l - 4*s - 6 = 0. What are the prime factors of l?
7
Let f(p) = p**2 - 6*p + 6. Let g be f(4). Let b = 5 + g. What are the prime factors of b?
3
Let a = 11 - 8. Suppose -3*z = -2*f + 5*f - 48, -4*z + a*f = -50. What are the prime factors of z?
2, 7
Suppose z - 2 = -l - l, -4*l - 80 = -5*z. Suppose z = 4*g - 24. List the prime factors of g.
3
Let s(y) = y**2 - 2*y + 1. Let z(o) = -o + 1. Let q(j) = 2*s(j) - 4*z(j). Let k be q(2). What are the prime factors of (-6)/5*(-20)/k?
2
Suppose 11 - 1 = -2*z. Let l(y) = y**3 + 4*y**2 - 5*y + 4. What are the prime factors of l(z)?
2
Let o(t) = -t**3 + t**2 - t + 11. Let w be o(0). Let q = -1 + w. What are the prime factors of q?
2, 5
Let n(p) = -3 + 0 + 9*p - 2*p - 2*p. List the prime factors of n(11).
2, 13
Let g(o) = 2*o**2 - 2*o - 3. Let c be g(-2). What are the prime factors of (-37)/(-3) + (-3)/c?
2, 3
Let t(r) = r**3 - 12*r**2 + 10*r - 14. Let l be t(11). What are the prime factors of (-360)/l + (-2)/5?
2, 7
Suppose -p + 2 = -0*p. Suppose 7*i - 10 = p*i. What are the prime factors of i?
2
Let x be 4/6 + 98/6. Suppose -x = -d + 5. List the prime factors of d.
2, 11
Let u(r) = 3*r**3 - 11*r**2 + 9*r + 5. Let b(l) = -4*l**3 + 10*l**2 - 8*l - 5. Let t(p) = -2*b(p) - 3*u(p). List the prime factors of t(12).
7
Suppose 4*h - 9 = 2*r - 1, 0 = 3*r + h + 5. Let g(j) = -9*j**3 - 2. Let c be g(r). Suppose c = 6*l - l - 2*m, -5*l + m + 70 = 0. List the prime factors of l.
2, 7
Let k(o) = -8*o + 4. Let h be k(-2). Let d = h - -16. What are the prime factors of d?
2, 3
Let o(a) = -a + 40. List the prime factors of o(20).
2, 5
Let z be 1/(((-9)/(-3))/(-12)). Let a be (-10)/z*8/5. What are the prime factors of (a - 1)*2/3?
2
Suppose 3*d = -5*g + 545, 4*g = -6*d + 2*d + 436. What are the prime factors of g?
109
Suppose -5*p = -2*i + 3*i - 84, 5*p - 82 = -3*i. What are the prime factors of p?
17
Suppose -7 = 2*f + 11. Let m = f + 18. Let q = m - -5. What are the prime factors of q?
2, 7
Suppose 3*h - 14 + 5 = 0. List the prime factors of h/(-12)*-7*8.
2, 7
Let n = 1 + 4. Let x(a) = -n - 1 + 4*a - 2*a. List the prime factors of x(5).
2
Let t = -174 - -310. Suppose -13*y + t = -9*y. List the prime factors of y.
2, 17
Let b(k) = 3 - 4 - 2*k + k + 6. Let d be b(-5). Suppose 4*q = 2*c + 22, 5 + d = -5*c. List the prime factors of q.
2
Suppose 0 = -5*c + 4*w + 2000, 12*c = 16*c + 3*w - 1600. List the prime factors of c.
2, 5
Suppose -7*k + 4*k = -294. List the prime factors of k.
2, 7
Let b(m) be the first derivative of 4*m**3/3 + m + 1. Suppose -5 = -5*a - 0. What are the prime factors of b(a)?
5
Suppose -10 - 20 = -5*w. Suppose w*n = 9*n - 33. List the prime factors of n.
11
Let c be (4*-7)/(2/(-2)). What are the prime factors of 4/(-14) + 540/c?
19
Suppose f - 8 = 4*d, 0*d - 13 = -4*f - 3*d. Suppose f*o - 23 = -3*j, j = 3*o - 0*o - 1. Suppose j*g = 3*g + 12. List the prime factors of g.
2, 3
Let d(y) = -y**3 + 5*y**2 + 9*y - 7. Let s be d(6). Let o be (-2)/s - 48/(-22). What are the prime factors of o/3*(-18)/(-4)?
3
Let g(n) = -n**2 + 7*n - 6. Let a be g(6). Suppose a = -4*l - 5*p - 0*p - 10, -l + 2*p = -4. Suppose -4*r + 6 + 2 = l. List the prime factors of r.
2
Let x = 141 - 76. List the prime factors of x.
5, 13
Let b = -25 - -10. What are the prime factors of (-310)/b + (-2)/(-6)?
3, 7
What are the prime factors of -1*(2 + -18*1)?
2
Let r be (-12)/(-3) - -2 - 4. What are the prime factors of r/(2/19) + -3?
2
Let i be -1 + 3 + (0 - -3). Suppose -p = -3*m + 2*m, -12 = -p - i*m. Suppose 5 = l - p. List the prime factors of l.
7
Suppose -4*g = -2*v - 70, 4*g - 23 - 32 = 5*v. What are the prime factors of g?
2, 5
Let b(a) = -a**2 - 38*a. List the prime factors of b(-17).
3, 7, 17
List the prime factors of (-1 - -8)*(7 + (-3 - 0)).
2, 7
Suppose 0 = 3*s + s - 20. Let j be 5/s*2*1. What are the prime factors of 4/j*1 - -11?
13
Let m be (-2 - (-2 - -1))*-5. Let a = m + 2. What are the prime factors of a?
7
List the prime factors of (5/3)/((-60)/(-72)).
2
Suppose v + 3*g - g = 8, -5*v + 3*g = -53. Suppose -5*b + 6*b - v = 0. What are the prime factors of b?
2, 5
Suppose -3*p = 2 + 1. Let q be (p + 10)/1*-1. Let z = 3 - q. What are the prime factors of z?
2, 3
Suppose 3*r = -0*r - 9. Let f be 5/(-2)*12/(-3). Let x = f + r. List the prime factors of x.
7
Suppose 0 = 3*p - p - 3*c - 364, p = c + 183. List the prime factors of 6/8 - p/(-4).
47
Suppose -418 = -3*n + 98. Suppose -n = -0*q - 4*q. List the prime factors of q.
43
Suppose -l + 425 = 4*l. Let o = l - 54. What are the prime factors of o?
31
Suppose -3*i + i + 4 = 0. Suppose -4*k + i*b = -120, 4*k - 40 = b + 76. What are the prime factors of k?
2, 7
Suppose -24 = -2*g - 0*g. Suppose i - g + 1 = 0. List the prime factors of i.
11
Let x(d) = -d**2 + 1 + 2*d - 6*d - 4*d - 6. What are the prime factors of x(-5)?
2, 5
Suppose 3*c - 5*r = 430, -5*c + 316 = -3*c + 4*r. List the prime factors of c.
2, 3, 5
Let t(n) = -3*n + 6. Let f be t(3). What are the prime factors of f + (57 + 0 - -4)?
2, 29
Suppose -332 = -8*m + 1004. List the prime factors of m.
167
Suppose 348 = 5*w - 102. What are the prime factors of w?
2, 3, 5
Suppose 26 = -0*z + z. Let y = -17 + z. List the prime factors of y.
3
Suppose 5*x - 56 = x. Suppose -3*j - 3 = 18. Let d = j + x. What are the prime factors of d?
7
Suppose 3*m + m = 104. Suppose 5*q + 4*a - 72 = 0, 4*q - m = 5*a + 7. List the prime factors of q.
2, 3
Let u(c) = 4*c + 1. Let y be u(1). Suppose 16 = y*v - 59. List the prime factors of v.
3, 5
Let t(j) = 5*j**3 - 8*j**2 - 7*j - 2. Let f(a) = 14*a**3 - 23*a**2 - 20*a - 6. Let b(d) = -4*f(d) + 11*t(d). List the prime factors of b(3).
2, 5
Suppose 7*m = 3*m - 16. Let d be -9 - -10 - 3*3. What are the prime factors of (-114)/d - (-1)/m?
2, 7
Suppose -4*o = 4*y + 8, 4*y - 2*y + 8 = 0. Suppose 2*b - 8 = -o*b. What are the prime factors of b?
2
Let l = -67 - -153. What are the prime factors of l?
2, 43
Let s be (3 - 3) + 0 + 0. Suppose -5*x = z - 8, s = 3*z - z - 2*x - 40. What are the prime factors of z?
2, 3
Let q(v) = v**3 - 4*v**2 + 3. Let s = -9 - -35. Suppose g - 5*p = 5 - s, 20 = 4*p. What are the prime factors of q(g)?
3
Suppose -14 = a - 3*a. Suppose -7 = -w + a. List the prime factors of w.
2, 7
Suppose 4*a + 4*z = -48, a - 11 = 5*z + 1. List the prime factors of (-32)/a + 4/2.
2, 3
Let x = 15 - -14. List the prime factors of x.
29
Suppose 0 = 3*q - 18 - 42. Suppose 0 = -4*r - q, 3*j - 30 = -2*j + 4*r. What are the prime factors of j?
2
Let b = 3 - 1. List the prime factors of b.
2
Let v(n) = 12*n**2 - n - 1. Let k = -4 - -3. Let y be v(k). What are the prime factors of (y/(-3))/(-1) - 0?
2
Let x(w) = w**2 - 4*w - 5. Let t be x(5). Suppose -4*d + 6*d - 26 = t. What are the prime factors of d?
13
Let k(o) = -o**3 - 2*o**2 + 7*o - 1. List the prime factors of k(-5).
3, 13
Suppose 10 = -2*a - 2. What are the prime factors of (-2)/4*(-4 + a)?
5
Let q(i) = i**3 - 5*i**2 - 12*i + 14. List the prime factors of q(7).
2, 7
Let b be (6/18)/(1/24). Suppose -b = -d + 5. What are the prime factors of d?
13
Let r(z) = z - 8. Let t be 12/20 - (-64)/10. Let k be r(t). What are the prime factors of 1 + k*1*-2?
3
Suppose -17 = -p + 3*i, -29 = -0*p - 5*p + i. List the prime factors of p.
5
Suppose -8 = 3*w + 1. Let v be (-27)/18*4/w. Suppose -3*o - 9 = 5*z, -v*z + 0 - 2 = 2*o. What are the prime factors of o?
2
Let z(m) = m**3 + 5*m**2 - 11*m + 7. List the prime factors of z(-6).
37
Suppose 0 = -0*i - 4*i. Suppose -4*m = -i + 8. List the prime factors of 0 + 2/m - -11.
2, 5
Suppose 133 = 4*k - 67. Suppose 5*f - k = -0*f. What are the prime factors of f?
2, 5
Let l be 147/35 - 2/10. Let k be (1 - 2)/(l/8). List the prime factors of k + 2 + (-14)/(-2).
7
Suppose 0*a + 3*a